 -t**3 - 40*t + 410. Let k be r(0). What is the greatest common divisor of k and 10045?
205
Let o = -73 - -85. Suppose o*n - 9*n = 54. Calculate the greatest common divisor of 144 and n.
18
Let x be 99/12 + 6/(-24). Let s(j) = 3*j**3 + 4*j**2 + 11. Let f be s(5). Suppose x*v = f + 122. Calculate the greatest common divisor of 57 and v.
19
Let v = -15 + 50. Suppose 3*x + v = 10*x. Suppose -x*j - 5 + 70 = 0. Calculate the greatest common divisor of j and 143.
13
Suppose 21*y = -25*y - 87*y - 68362. Let x = -360 - -50. Let j = x - y. What is the greatest common factor of 12 and j?
12
Let y = 928 - -193. Suppose -18*l = l - y. What is the highest common factor of l and 59?
59
Let m be (117/3)/(42/56). What is the greatest common factor of 24 and m?
4
Let u = -4077 - -5897. What is the greatest common factor of u and 273?
91
Let n(r) = -145*r + 20. Let x be n(7). Let h = x + 1083. What is the highest common divisor of h and 33?
11
Suppose -z - 3*g - 26 = -2*g, 67 = -2*z - 5*g. Let b = 14 + z. Let i be (2 + 2)/((-1)/b). Calculate the greatest common divisor of i and 140.
28
Suppose -2*n - 9 = -c - 3, 14 = 5*c - 2*n. Let o be 18*c/4 - -4. Suppose -3*r + 50 = -o. What is the highest common divisor of 21 and r?
21
Suppose -5*h - 2*v = 2*v + 603, 0 = 3*h - 5*v + 384. Let i = -6 - h. Let t = -696 + 709. What is the greatest common factor of t and i?
13
Let s = 166 + -46. Suppose 18*f + s = 19*f. What is the greatest common factor of f and 30?
30
Suppose -177 = -q - 4*k + 114, k - 554 = -2*q. Suppose 0*g - 4*v = 3*g - 165, 5*v - q = -5*g. What is the highest common factor of 5 and g?
5
Let v(d) = -242*d - 8288. Let a be v(-41). What is the greatest common divisor of 344 and a?
86
Suppose -230180 - 94273 = -24*l + 187011. Calculate the greatest common factor of 211 and l.
211
Let r be 492/38 + (-1073)/6327 + (-54)/(-243). Let c = 323 + 236. What is the greatest common factor of r and c?
13
Let z(m) = -m**2 - 4*m + 117. Let l be 0 - 0/3*(-3 + 2). Let t be z(l). Calculate the highest common factor of 26 and t.
13
Let n(m) = 56*m**2 + 14*m - 28. Let d be n(2). Suppose d + 0 = 4*r. Let q be (-4)/(-10) - 66/(-10). What is the highest common factor of q and r?
7
Suppose -120*o = -68*o - 9568. Calculate the highest common divisor of 4232 and o.
184
Let k = -1433 - -1479. Calculate the greatest common factor of k and 2162.
46
Suppose -128 = -m - x, -4*m + 2*x = m - 640. Let c(v) = -v**3 - 19*v**2 + 40*v + 776. Let y be c(-19). Calculate the greatest common factor of y and m.
16
Suppose -5*m - 5*i = -20, 2*i - 16 = -4*m + i. Suppose 0 = 3*a + 12 - 18, m*o + a = 30. What is the highest common divisor of 448 and o?
7
Let z(j) = j**3 + 5*j**2 - 121*j - 24. Let b be z(9). Calculate the highest common factor of 489 and b.
3
Let s = -635 - -900. Let t be (s/25)/((-8)/(-40)). What is the greatest common divisor of 106 and t?
53
Let u = -19 - -19. Let t(y) = 2*y**2 + 2*y + 68. Let n be t(u). Let g = n - 52. Calculate the highest common factor of 16 and g.
16
Let q be 2163/2 + (-63)/42. Suppose 12*f = 4*f + q. Calculate the highest common divisor of 27 and f.
27
Let z = 38 - 43. Let q be (-10)/(z + 38/8). Let j be 3 - 3/3 - -98. Calculate the greatest common factor of j and q.
20
Suppose -5*j - 3005 = -4*y, 6*y = 10*y - 2*j - 2990. What is the highest common divisor of 5 and y?
5
Let z = -745 - -828. What is the highest common factor of z and 3569?
83
Suppose 20*o - 1288 = 66*o. Let u be (-808)/(-10) + o/(-140) - 1. What is the highest common factor of 5 and u?
5
Let a(b) be the first derivative of b**3/3 + 11*b**2/2 + 25*b - 51. Let j be a(-13). Calculate the highest common factor of j and 255.
51
Suppose -8*q = 5*y - 3*q - 225, 0 = -2*y - 3*q + 87. Suppose 2*s - 120 = y. Let k be (5/15)/(4/s). What is the greatest common divisor of 1 and k?
1
Suppose -26*t + 158080 = -0*t. Suppose 24*y - t = 5*y. What is the greatest common factor of 10 and y?
10
Let c = 446 + -192. Let a = -235 + c. Calculate the greatest common divisor of a and 437.
19
Let x(v) = 4*v - 16. Let t be x(7). Suppose -11*l + t = -9*l. Suppose -21*z + 19*z + 60 = 0. What is the highest common divisor of z and l?
6
Suppose 3*h - 3*y = 234, 100*h - 4*y = 97*h + 228. What is the highest common factor of 13692 and h?
84
Suppose 23*x - 3*p - 656 = 21*x, -2*p + 1716 = 5*x. Calculate the highest common factor of 1156 and x.
68
Let y(f) = 32*f - 220. Let p be y(7). Suppose 175 = 5*u + 2*o, 2*u = -p*o + 60 + 10. What is the greatest common divisor of 175 and u?
35
Let l(g) = -60*g**3 + 3*g**2 - 2. Let y be l(-2). Suppose 3*s + 5*b = 245, 3*b = -8*s + 4*s + 301. Calculate the greatest common factor of s and y.
70
Let i = 7 - 3. Let r be (42*(-136)/12)/((-2)/i). Calculate the greatest common divisor of r and 17.
17
Let n(p) = 35503*p**2 - 1189*p - 1188. Let d be n(-1). What is the highest common factor of 28 and d?
28
Suppose -3*u + 411 = -0*u. Let k be (-4)/6 - u/(-3). Let d be (-6)/(-2)*(-6 - (-17 + 8)). Calculate the greatest common factor of k and d.
9
Let v = -96 - -99. Suppose 6*j - 7*j + v = 0. Calculate the greatest common divisor of j and 6.
3
Let y = 33 - 44. Let q(r) = -r**2 - 38*r - 1. Let u be q(y). Let j = -204 + u. Calculate the greatest common factor of j and 23.
23
Suppose 6*w + 60 = -12. Let p = 39 + w. What is the greatest common divisor of p and 243?
27
Let v(n) = -5*n**2 - 43*n - 6. Let x be v(-8). Let w(p) = 2*p - 6. Let r be w(6). Let f be 56/r - (-3)/(x/4). What is the greatest common divisor of f and 15?
5
Suppose 2*n = g + 88, -5*g - 3*n - 416 = -n. Let k = g + 88. Calculate the greatest common divisor of 500 and k.
4
Let x = 23 - 35. Let c be 18/x*(-40)/6. What is the greatest common divisor of 60 and c?
10
Suppose 14*t + 30686 - 43776 = 0. Calculate the highest common factor of t and 459.
17
Let d = 5822 + -5730. Calculate the highest common factor of 3105 and d.
23
Let s = 402 - 398. Suppose -17*d = -18*d - s*c + 960, c - 4876 = -5*d. Calculate the greatest common divisor of 8 and d.
8
Let g be 4/10 + 468/(-45). Let y = g - -11. Let n be y/((3 - 2)/17). What is the highest common divisor of 136 and n?
17
Let p = -13 - 38. Let s = 245 + p. Let q = s + -106. What is the highest common factor of q and 132?
44
Suppose -f + 115 = 7*y - 6*y, -y - 2*f + 118 = 0. Let h(v) = 2*v**2 - 3*v + 7. Let q be h(5). Calculate the greatest common divisor of q and y.
14
Suppose -25650 = -84*y + 9*y. Calculate the greatest common factor of 180 and y.
18
Let n = -168 - -240. Let h = n - 66. Let b be (-3 + 333/h)*4. Calculate the greatest common divisor of 84 and b.
42
Suppose 159*n - 2539008 = -102*n. Calculate the highest common divisor of 16 and n.
16
Suppose -19*t = -0*t - 627. Let w be ((-12)/(-16))/((-4)/(-16)). Calculate the greatest common factor of w and t.
3
Let r be 23522/14 + (-25)/175. Suppose -15*n - r = -n. Let k = -40 - n. Calculate the highest common divisor of k and 5.
5
Suppose -2*p = 2*k - 12316, -k - 3*p + 7155 = 1009. Calculate the greatest common factor of k and 201.
67
Let i(z) = -z**3 + 4*z**2 + 11*z + 14. Let g be i(-2). Let j be ((-22)/8)/((-2)/(-8)). Let t = g + j. What is the greatest common divisor of t and 5?
5
Suppose 156 = -96*k + 108*k. Let r be 1305/65 - 1/k. Let c(d) = -23*d + 2. Let p be c(-6). What is the highest common factor of r and p?
20
Suppose -4*g = 95 - 491. Suppose 3*k - 4*y = -51, -3*y = -5*k - y - g. Let o be 817/7 - 6/k. What is the greatest common divisor of 13 and o?
13
Suppose -2*n = 2*n - 124. Suppose -3*f + 2 = -n. Suppose -f*v + 1800 = 4*v. What is the highest common divisor of v and 15?
15
Let y(b) = -15*b + 1345. Let d be y(89). What is the highest common factor of 1915 and d?
5
Suppose 0 = -3*v - 21*g + 19*g + 417, -2*v + 300 = 5*g. What is the greatest common factor of v and 360?
45
Let m(n) = 7*n. Let s be m(2). Suppose 53*q = 56*q - 1050. What is the highest common factor of s and q?
14
Suppose -75*d - 27 = -84*d. Suppose -3*i + 2*i + k = -19, -d*k - 9 = 0. What is the greatest common factor of i and 40?
8
Suppose -3509*u = -3519*u + 100. Calculate the highest common factor of u and 965.
5
Let o = 18 - 6. Let f be 231 + (-8 - 4 - -9). Calculate the highest common factor of f and o.
12
Let x = -258 - -551. Let t = -62 + x. Calculate the highest comm